value of (9 - 12) + -9 - -8?
-4
Evaluate -7 + (-6 - -9 - -2).
-2
13 + -8 - (3 - -8)
-6
8 - (2 - (-6 - -3))
3
What is (-1 - -3) + -8 + (5 - 0)?
-1
What is the value of 2 - (4 - (-1 + 6))?
3
Evaluate -1 + 5 - (0 + -6 + 6).
4
1 - ((0 - 0) + -19 + 25)
-5
What is the value of 3 - (-12 - -15 - (2 + 0))?
2
What is (-5 - (0 + -10 + 1)) + -4?
0
Calculate -188 + 193 - (-4 - (-1 - 0)).
8
What is 0 + 6 + -3 + -1 - 9?
-7
What is -2 + (1 - -4) + 0?
3
Calculate 8 + -4 - -3 - (-19 + 19).
7
Calculate -1 - (1 + (-2 - -4)).
-4
-3 + 6 + 7 - 7
3
What is (1 - 7) + (2 - (-4 - -5))?
-5
Evaluate (-2 - -3 - 0) + 4 - -1.
6
Evaluate 5 - (-4 - -8) - (4 + -2).
-1
What is -5 + 2 + (10 - 12 - -9)?
4
What is -8 + (14 - 9) + 4?
1
0 + (3 - (-2 - 3 - -6))
2
-1 + -4 + -1 + 3 + 2
-1
What is -6 + 16 + (1 - 4 - -4)?
11
Calculate 8 + -3 + -7 - (4 - 1).
-5
What is 3 + -9 - (-4 + (-3 - 2))?
3
6 + -1 + -3 + (6 - 7)
1
Evaluate (1 - (2 - 5)) + -3 + -4.
-3
(-10 - -9) + (2 - -2) - 2
1
Evaluate 7 + (-8 - -5) - 8.
-4
Calculate -3 + -9 + 4 + 8.
0
Calculate -6 + (-3 - -4) + 2 + 1.
-2
Evaluate 0 - 1 - (-3 + (8 - 8)).
2
3 + -2 - (4 - 8 - -8)
-3
What is 12 + -7 - (0 + 1 - 1)?
5
What is the value of -1 + 3 - ((1 - 5) + 1)?
5
-5 - ((5 - (-2 + 7)) + -4)
-1
What is the value of -4 + -3 - (-31 + 18)?
6
(0 - 2) + -49 + 57
6
Evaluate 0 + 0 + (10 - -10 - 14).
6
Evaluate -1 + (10 + -2 - (6 - 2)).
3
Evaluate (11 - (0 - -2)) + -6.
3
Evaluate 7 + 3 + -5 + -10 + 13.
8
What is the value of 7 + 5 + -7 + 0?
5
Calculate (3 - (-1 - -8)) + (1 - 2).
-5
What is 3 + 7 + -2 + -8?
0
What is the value of -9 - -17 - (1 + 1)?
6
What is 2 - (5 - (9 - 1))?
5
What is 0 - (0 - (-2 + 3) - -1)?
0
Calculate (3 + -1 - (17 - 15)) + -2.
-2
14 + -8 + -11 + 9
4
What is 1 - 4 - (6 - 7)?
-2
What is (2 - (4 + -9 - -4)) + -1?
2
What is the value of -6 + -6 + (-6 - -16)?
-2
What is the value of 10 + (6 - -5) + -24?
-3
What is the value of -3 - -1 - (-1 + 3) - -3?
-1
What is the value of -1 - (2 + 0) - (1 + -3)?
-1
Calculate 6 + (-3 - (2 + -6 + 4)).
3
Calculate 0 - (2 + -2) - (2 - 3).
1
Evaluate 2 + -4 + 2 - (1 - -2).
-3
Evaluate -5 + (2 - -2 - 2).
-3
Calculate 68 + -70 - (4 - (0 - -1)).
-5
What is -9 + 1 + (40 - 33)?
-1
3 + (4 - (7 - 4) - 7)
-3
What is the value of 1 + 3 - (-14 - (5 + -19))?
4
Calculate -1 + 11 + (40 - 45).
5
9 + -13 + (1 - 1)
-4
Evaluate (2 + -11 - 0) + 11.
2
Calculate (-7 - -8) + -5 + 4.
0
Evaluate -3 + -5 + 2 + 10.
4
What is -4 - ((9 - (2 + 3)) + -13)?
5
Calculate -2 - (-5 + -2 + 1).
4
9 + 5 + -11 + 4
7
Evaluate (7 - 0) + (10 - 8 - 1).
8
Evaluate -8 + (-9 - (-8 - 11)).
2
Evaluate 2 - (7 - (-9 - -11)).
-3
Evaluate 10 + -4 + -17 + 4.
-7
Calculate (-5 - 7) + (-7 - -12 - -2).
-5
Calculate (-4 - -5) + 1 + 1 + -1.
2
What is the value of 2 + -1 - (-3 + 13 - 9)?
0
What is (-12 - -6) + (3 - (1 - -3))?
-7
Calculate 1 + -21 + 11 + 13.
4
1 + (0 - -1) + 1
3
What is 0 - (6 + -8 + 8)?
-6
Evaluate (5 - (-5 + (-2 - -4))) + -6.
2
What is the value of (1 - (2 - -3)) + (1 - 0)?
-3
What is 5 + -9 + 10 + -14?
-8
Calculate -7 + 10 - (-4 - -10) - -13.
10
What is the value of (5 - 2 - 4) + 0?
-1
Calculate -7 - (-10 - (-5 - -2)).
0
What is 0 + (-1 - (1 - -3 - 7))?
2
What is the value of -3 + 4 + -2 + -1?
-2
-1 - (8 + -10 - 5)
6
(23 - 30) + (3 - -1)
-3
(-19 + 1 - (-7 - -1)) + 5
-7
Calculate -5 + 4 + -3 - -5.
1
Evaluate -1 - (-8 + 2) - 9.
-4
Evaluate 1 + (3 - (3 - 2)).
3
Evaluate 8 + 11 + 7 + -19.
7
Calculate 11 - -4 - 8 - 4.
3
Calculate 6 - ((0 - 0) + -4 + 6).
4
What is the value of (6 - -6) + (-12 - 0)?
0
Evaluate (10 - 0 - 4) + -5.
1
4 + -3 + 3 + 14 + -12
6
Calculate 2 + 1 - (-2 + 1 + 2).
2
Calculate 2 + -1 + 2 - (4 - 10).
9
0 - (-3 + 3 + (2 - 2))
0
What is (-39 + 19 - -21) + (1 - 0)?
2
Calculate (7 - 1) + -23 + 7 - -1.
-9
5 + (-1 - 4) + -5
-5
What is 1 + -3 + (5 - 3 - 1)?
-1
What is -2 - (3 - (15 + (6 - 13)))?
3
What is the value of 12 + -7 - (1 - 0)?
4
Evaluate 0 - 2 - (-1 - -1).
-2
-2 + (-5 + 4 - -3)
0
Calculate -18 + 23 - 0 - (9 - 1).
-3
Evaluate 5 - (-6 - (-5 + -7)).
-1
(-5 - (-1 + -6)) + -12 + 2
-8
What is 109 - 105 - (6 - -1)?
-3
What is -1 + -1 + 3 - (-70 - -73)?
-2
What is (-1 - (-2 + -4 + 2)) + -2?
1
Evaluate 13 - (24 - (-3 - -10)).
-4
Calculate -2 - (-1 - (1 + 4 + -6)).
-2
What is -6 + 1 + -5 + 9?
-1
What is 0 - (-15 - (-14 + 5))?
6
What is the value of 1 - (7 + (4 - 2 - 0))?
-8
Evaluate (-10 - (-3 + -6)) + (-3 - 1).
-5
What is the value of 3 + (-21 - (3 - (-5 - -15)))?
-11
What is the value of 3 - (3 + 10 + 1 + -6)?
-5
What is (-18 - -17) + (-3 - -5 - 5)?
-4
What is the value of -1 - (-3 - (3 + (5 - 7)))?
3
What is the value of -3 + (5 - 0) + 3?
5
Evaluate 6 + (6 - 9) + -6.
-3
What is 10 - 15 - (-3 + 1)?
-3
(5 - -11) + -2 - 17
-3
Evaluate -6 + 2 - (47 - 51).
0
What is the value of (-5 - 1) + 0 + 3?
-3
Evaluate (-22 - -3) + (-26 - -38).
-7
What is the value of 2 - (-17 + (12 - 0))?
7
What is the value of 4 + -1 + (-4 - 2)?
-3
Calculate -3 - (8 + -6 + 1 - 1).
-5
Evaluate -2 + 1 + -5 + (-2 - -3).
-5
Evaluate (-2 - 2 - 0) + 5.
1
What is -1 + 1 + -1 + -6 + 2?
-5
Calculate (-3 - -7) + (4 - 1) + -14.
-7
What is 1 - (-5 + 2 + 7)?
-3
What is the value of 23 + -33 + (7 - -2)?
-1
What is the value of 1 - (-4 - (1 + -6))?
0
What is the value of -3 + (4 - 2) - (6 + -4)?
-3
0 + 3 + (1 - 2) - 6
-4
11 - (-9 - -22) - -10
8
What is 311 + -306 - (3 + -1)?
3
Calculate (-2 - -7) + (-2 - 4) + 1.
0
(-3 - -6 - -1) + (-3 - -2)
3
What is -3 - (6 - 10) - 6?
-5
Evaluate -1 - (-3 - (4 + (4 - 6))).
4
(0 - 1) + (-12 - -21 - 0)
8
What is (0 - (-2 - 2)) + -4 + -4?
-4
-1 + 0 + 6 + 0
5
Calculate -4 + (6 - (-5 + 4)).
3
What is -3 - (-5 - (5 + -5))?
2
Calculate 22 + -14 + (-7 - -1).
2
(-1 + -1 - -6) + (-5 - 0)
-1
What is the value of -6 + (3 + 1 - 1)?
-3
Evaluate 3 - 1 - 5 - (-30 + 33).
-6
What is -4 + (1 - (-3 + 5))?
-5
What is -8 - (-15 + 9) - (1 - 0)?
-3
-2 + 5 + -5 + 4 + -1
1
-4 + (3 - (0 - (-2 + -1)))
-4
12 + -13 + (5 - 1 - -1)
4
What is the value of -1 + -3 + 4 - (-5 + 2)?
3
What is 11 + (-11 - (-8 - -5))?
3
Calculate -12 + 10 + 2 + 3.
3
-4 - (-2 + -1 + (-5 - -3))
1
What is 6 + -11 + (3 - -6)?
4
What is the value of 10 + -2 + -6 + (-9 - 0)?
-7
Calculate 9 - 10 - (-1 - 2).
2
Evaluate (0 - 1) + (-15 - (-14 + 4)).
-6
What is 6 - (-1 + (-2 - -7))?
2
What is 1 - (8 + -3) - (-1 - 1)?
-2
What is 1 + (-4 - -1) - -4?
2
Calculate -14 + 18 - (8 + 1) - 2.
-7
Evaluate -1 - (6 + -3) - (0 + -2).
-2
What is -24 + (6 - -18) + -11?
-11
Calculate -1 + (-2 - 4 - -5) + -3.
-5
Evaluate -7 - (-5 - (1 + 2)).
1
What is the value of 3 + (-3 - 3) + 16 - 6?
7
-2 - ((-20 - -8) + 8)
2
What is the value of 6 - 3 - (1 + 2 - -5)?
-5
What is the value of -6 - -16 - (-16 + 21)?
5
What is 5 - 1 - (7 - 3)?
0
What is (1 - -17) + 0 + -144 + 136?
10
7 + (-9 - (-8 + 6))
0
-7 + (-5 + 5 - -3) - -4
0
Calculate -1 - -3 - (2 + 3 + -4).
1
Calculate (0 - 1) + (-10 - -5) + -2.
-8
What is the value of -4 - -2 - (3 + (-1 - -1))?
-5
Calculate (1 - 3) + 1 + 0.
-1
Evaluate (-5 - -7) + -1 - (24 - 13).
-10
What is the value of 7 - 4 - ((0 - -2) + -4)?
5
Evaluate -45 + 37 - (-2 + (0 - 0)).
-6
What is 1 - 4 - (5 - 9) - 2?
-1
-9 + (-5 + 10 - (6 - 2))
-8
-3 + -1 + 15 + -15
-4
What is 7 + -3 + (-7 - -6)?
3
Evaluate 0 + -9 + 21 + -7.
5
Evaluate -3 + -3 + 1 + 9.
4
What is 12 - 6 - (3 - -6)?
-3
What is the value of 9 + -7 + 5 - 4?
3
1 - (12 - 7 - 5)
1
What is 3 - (-4 - (6 + -6)) - -2?
9
9 + -9 + 5 - 8
-3
What is (-15 - (10 - 6)) + -2 + 10?
-11
What is -1 + (1 + 0 - 4) + 2?
-2
Calculate 3 - (-1 - 3 - (31 - 40)).
-2
What is -2 - (11 + -6) - -7?
0
Calculate -1 + (5 - (2 - 3)) + -4.
1
(5 - 5) + 4 + 1
5
Calculate -2 + 2 + -1 + (-9 - -6).
-4
What is 133 + -133 - (3 + 1)?
-4
What is 1 + -3 + 5 - -1?
4
Calculate 20 + -18 - (-3 + 3).
2
What is the value of 3 + (1 - -6) + -7 + -8?
-5
What is the value of -1 + -1 - (-26 + 9 + 12)?
3
Calculate 3 + -7 + 3 + 0 + 1.
0
What is 29 - 25 - (-6 + 2)?
8
Calculate 3 - (2 - (5 - 2)).
4
((-10 - -5) + 6 - 1) + 1
1
What is the value of -2 + 12 + 1 - 17?
-6
1 + -2 + 0 + -1 - -2
0
What is (-5 + -6 - (-7 - -2)) + 8?
2
Evaluate 1 + 1 - (2 + -4) - 6.
-2
Evaluate 62 - 59 - (-7 + 1).
9
Evaluate (4 - 2) + -1 + 27 + -24.
4
Evaluate 6 + -19 + 10 - -10.
7
Calculate 6 + (-9 - (-5 - -4)).
-2
What is -3 - -2 - (-4 + 3)?
0
Calculate (-5 + 0 - -4) + 7.
6
Evaluate (-3 - -2) + -3 + (-2 - -8).
2
What is the value of